{"id":4476,"date":"2014-12-19T10:46:53","date_gmt":"2014-12-19T09:46:53","guid":{"rendered":"http:\/\/www.undsgn.com\/uncode\/?page_id=4476"},"modified":"2017-03-02T12:14:37","modified_gmt":"2017-03-02T10:14:37","slug":"prompter-kiralama-prompter-satis","status":"publish","type":"page","link":"https:\/\/prompterkiralama.com\/index.php\/prompter-kiralama-prompter-satis\/","title":{"rendered":"Prompter Kiralama Hizmetleri ve Prompter Sat\u0131\u015f Hizmetleri"},"content":{"rendered":"<div class=\"wpb-content-wrapper\"><p>[vc_row][vc_column width=&#8221;1\/1&#8243;][vc_column_text]<\/p>\n<blockquote><p><strong>Prompter Kiralama<\/strong><br \/>\n\u0130\u015flerin sorunsuz bir \u015fekilde zaman\u0131nda tamamlanmas\u0131n\u0131 ama\u00e7lar.<span class=\"txt1\"><br \/>\n<\/span>Sekt\u00f6r\u00fcn \u00f6nde gelen ve en\u00e7ok aranan prompter \u00a0\u015firketidir<\/p>\n<p><strong>Prompter Kiralama<\/strong> kalite politikas\u0131n\u0131 t\u00fcm i\u015ftirak\u00e7iler ile birlikte sonsuz m\u00fc\u015fteri memnuniyeti \u00fczerine kurmu\u015ftur. Bu nedenle \u00fcstlenilen antla\u015fman\u0131n \u015fartlar\u0131na ve standartlar\u0131na uygun olarak ger\u00e7ekle\u015ftirmeyi \u00e7\u00f6z\u00fcmler sa\u011flamay\u0131 ve i\u015flerin sorunsuz bir \u015fekilde zaman\u0131nda tamamlanmas\u0131n\u0131 ama\u00e7lar.<\/p>\n<p>Bu politika paralelinde &#8221;<strong>Prompter Kiralama<\/strong>&#8221; \u015fimdiye kadar sekt\u00f6r\u00fcn \u00f6nde gelen ve en\u00e7ok aranan prompter \u00a0\u015firketi aras\u0131na yerle\u015ftiren de\u011ferli m\u00fc\u015fterilerileriyle hi\u00e7bir \u00e7at\u0131\u015fmaya d\u00fc\u015fmeden t\u00fcm i\u015fleri ba\u015far\u0131yla zaman\u0131nda yerine gitirmi\u015ftir.<\/p>\n<p>.<\/p><\/blockquote>\n<p>[\/vc_column_text][\/vc_column][\/vc_row][vc_row][vc_column width=&#8221;1\/1&#8243;][vc_tabs][vc_tab title=&#8221;Tab 1&#8243; tab_id=&#8221;1488449379-1-60&#8243;][\/vc_tab][vc_tab title=&#8221;Tab 2&#8243; tab_id=&#8221;1488449379-2-87&#8243;][\/vc_tab][\/vc_tabs][\/vc_column][\/vc_row]<\/p>\n<\/div>","protected":false},"excerpt":{"rendered":"<p>[vc_row][vc_column width=&#8221;1\/1&#8243;][vc_column_text] Prompter Kiralama \u0130\u015flerin sorunsuz bir \u015fekilde zaman\u0131nda tamamlanmas\u0131n\u0131 ama\u00e7lar. Sekt\u00f6r\u00fcn \u00f6nde gelen ve en\u00e7ok aranan prompter \u00a0\u015firketidir Prompter [&hellip;]<\/p>\n","protected":false},"author":1,"featured_media":0,"parent":0,"menu_order":0,"comment_status":"open","ping_status":"closed","template":"","meta":{"footnotes":""},"class_list":["post-4476","page","type-page","status-publish","hentry"],"_links":{"self":[{"href":"https:\/\/prompterkiralama.com\/index.php\/wp-json\/wp\/v2\/pages\/4476","targetHints":{"allow":["GET"]}}],"collection":[{"href":"https:\/\/prompterkiralama.com\/index.php\/wp-json\/wp\/v2\/pages"}],"about":[{"href":"https:\/\/prompterkiralama.com\/index.php\/wp-json\/wp\/v2\/types\/page"}],"author":[{"embeddable":true,"href":"https:\/\/prompterkiralama.com\/index.php\/wp-json\/wp\/v2\/users\/1"}],"replies":[{"embeddable":true,"href":"https:\/\/prompterkiralama.com\/index.php\/wp-json\/wp\/v2\/comments?post=4476"}],"version-history":[{"count":9,"href":"https:\/\/prompterkiralama.com\/index.php\/wp-json\/wp\/v2\/pages\/4476\/revisions"}],"predecessor-version":[{"id":54865,"href":"https:\/\/prompterkiralama.com\/index.php\/wp-json\/wp\/v2\/pages\/4476\/revisions\/54865"}],"wp:attachment":[{"href":"https:\/\/prompterkiralama.com\/index.php\/wp-json\/wp\/v2\/media?parent=4476"}],"curies":[{"name":"wp","href":"https:\/\/api.w.org\/{rel}","templated":true}]}}